ided by 151?
133
Calculate the remainder when 266 is divided by 141.
125
What is the remainder when 967 is divided by 11?
10
What is the remainder when 20704 is divided by 124?
120
What is the remainder when 245 is divided by 145?
100
What is the remainder when 250 is divided by 14?
12
Calculate the remainder when 413 is divided by 38.
33
Calculate the remainder when 85 is divided by 22.
19
Calculate the remainder when 446 is divided by 114.
104
Calculate the remainder when 419 is divided by 87.
71
Calculate the remainder when 331 is divided by 104.
19
What is the remainder when 93 is divided by 5?
3
What is the remainder when 1150 is divided by 383?
1
Calculate the remainder when 398 is divided by 50.
48
Calculate the remainder when 102 is divided by 21.
18
What is the remainder when 5067 is divided by 65?
62
What is the remainder when 54317 is divided by 194?
191
What is the remainder when 146 is divided by 41?
23
Calculate the remainder when 2 is divided by 2.
0
Calculate the remainder when 3666 is divided by 14.
12
Calculate the remainder when 23 is divided by 11.
1
Calculate the remainder when 61 is divided by 18.
7
What is the remainder when 211 is divided by 106?
105
Calculate the remainder when 105 is divided by 50.
5
Calculate the remainder when 132 is divided by 25.
7
Calculate the remainder when 131 is divided by 121.
10
What is the remainder when 77 is divided by 64?
13
What is the remainder when 1189 is divided by 392?
13
What is the remainder when 699 is divided by 39?
36
Calculate the remainder when 4314 is divided by 27.
21
Calculate the remainder when 23791 is divided by 21.
19
What is the remainder when 221 is divided by 36?
5
What is the remainder when 494 is divided by 50?
44
What is the remainder when 157 is divided by 157?
0
What is the remainder when 874 is divided by 88?
82
Calculate the remainder when 1323 is divided by 6.
3
What is the remainder when 1084 is divided by 31?
30
Calculate the remainder when 3299 is divided by 66.
65
What is the remainder when 1149 is divided by 121?
60
Calculate the remainder when 303 is divided by 8.
7
What is the remainder when 706 is divided by 26?
4
Calculate the remainder when 217 is divided by 135.
82
What is the remainder when 226 is divided by 46?
42
Calculate the remainder when 206 is divided by 141.
65
Calculate the remainder when 184 is divided by 93.
91
Calculate the remainder when 206 is divided by 14.
10
What is the remainder when 281 is divided by 19?
15
What is the remainder when 123 is divided by 39?
6
Calculate the remainder when 631 is divided by 627.
4
Calculate the remainder when 677 is divided by 31.
26
What is the remainder when 5692 is divided by 32?
28
What is the remainder when 126 is divided by 22?
16
Calculate the remainder when 118 is divided by 108.
10
What is the remainder when 104 is divided by 9?
5
Calculate the remainder when 329 is divided by 16.
9
Calculate the remainder when 283 is divided by 19.
17
What is the remainder when 1033 is divided by 28?
25
Calculate the remainder when 6466 is divided by 29.
28
Calculate the remainder when 1852 is divided by 101.
34
What is the remainder when 77 is divided by 21?
14
What is the remainder when 3318 is divided by 27?
24
Calculate the remainder when 716 is divided by 18.
14
Calculate the remainder when 3176 is divided by 227.
225
Calculate the remainder when 147 is divided by 3.
0
Calculate the remainder when 174 is divided by 3.
0
Calculate the remainder when 445 is divided by 313.
132
What is the remainder when 44 is divided by 36?
8
What is the remainder when 136 is divided by 42?
10
Calculate the remainder when 156 is divided by 2.
0
What is the remainder when 101 is divided by 46?
9
What is the remainder when 177 is divided by 121?
56
What is the remainder when 101 is divided by 31?
8
What is the remainder when 836 is divided by 91?
17
What is the remainder when 2899 is divided by 719?
23
What is the remainder when 683 is divided by 69?
62
Calculate the remainder when 69 is divided by 11.
3
Calculate the remainder when 1717 is divided by 70.
37
Calculate the remainder when 234 is divided by 119.
115
Calculate the remainder when 1580 is divided by 51.
50
Calculate the remainder when 3455 is divided by 147.
74
Calculate the remainder when 2036 is divided by 1005.
26
What is the remainder when 101 is divided by 17?
16
Calculate the remainder when 250 is divided by 56.
26
Calculate the remainder when 194 is divided by 73.
48
What is the remainder when 2677 is divided by 21?
10
What is the remainder when 697 is divided by 76?
13
What is the remainder when 1508 is divided by 169?
156
Calculate the remainder when 811 is divided by 19.
13
Calculate the remainder when 172 is divided by 25.
22
Calculate the remainder when 1102 is divided by 185.
177
Calculate the remainder when 2422 is divided by 60.
22
What is the remainder when 222 is divided by 64?
30
What is the remainder when 105 is divided by 19?
10
What is the remainder when 347 is divided by 39?
35
Calculate the remainder when 851 is divided by 418.
15
Calculate the remainder when 454 is divided by 21.
13
What is the remainder when 59 is divided by 30?
29
What is the remainder when 419 is divided by 35?
34
What is the remainder when 789 is divided by 88?
85
Calculate the remainder when 148 is divided by 26.
18
What is the remainder when 240 is divided by 10?
0
Calculate the remainder when 1504 is divided by 155.
109
Calculate the remainder when 2728 is divided by 70.
68
What is the remainder when 1333 is divided by 29?
28
What is the remainder when 5197 is divided by 273?
10
What is the remainder when 333 is divided by 21?
18
Calculate the remainder when 933 is divided by 39.
36
Calculate the remainder when 5698 is divided by 18.
10
Calculate the remainder when 2791 is divided by 45.
1
What is the remainder when 5 is divided by 3?
2
Calculate the remainder when 245 is divided by 82.
81
What is the remainder when 155 is divided by 1?
0
What is the remainder when 239 is divided by 7?
1
What is the remainder when 5470 is divided by 211?
195
Calculate the remainder when 508 is divided by 82.
16
Calculate the remainder when 2982 is divided by 57.
18
Calculate the remainder when 788 is divided by 777.
11
Calculate the remainder when 587 is divided by 161.
104
What is the remainder when 484 is divided by 55?
44
Calculate the remainder when 208 is divided by 107.
101
What is the remainder when 187 is divided by 46?
3
What is the remainder when 117 is divided by 7?
5
What is the remainder when 864 is divided by 16?
0
Calculate the remainder when 1073 is divided by 49.
44
Calculate the remainder when 55 is divided by 34.
21
Calculate the remainder when 1026 is divided by 21.
18
Calculate the remainder when 6322 is divided by 17.
15
What is the remainder when 6286 is divided by 8?
6
Calculate the remainder when 51 is divided by 30.
21
What is the remainder when 1141 is divided by 143?
140
What is the remainder when 461 is divided by 29?
26
What is the remainder when 1762 is divided by 438?
10
What is the remainder when 58 is divided by 11?
3
Calculate the remainder when 36 is divided by 7.
1
What is the remainder when 84 is divided by 31?
22
What is the remainder when 62 is divided by 21?
20
Calculate the remainder when 3042 is divided by 179.
178
What is the remainder when 196 is divided by 24?
4
What is the remainder when 454 is divided by 218?
18
What is the remainder when 7631 is divided by 24?
23
Calculate the remainder when 337 is divided by 57.
52
Calculate the remainder when 222 is divided by 59.
45
Calculate the remainder when 66 is divided by 34.
32
Calculate the remainder when 135 is divided by 40.
15
Calculate the remainder when 631 is divided by 65.
46
Calculate the remainder when 580 is divided by 34.
2
Calculate the remainder when 2936 is divided by 117.
11
What is the remainder when 980 is divided by 189?
35
What is the remainder when 313 is divided by 45?
43
What is the remainder when 156 is divided by 71?
14
Calculate the remainder when 935 is divided by 14.
11
What is the remainder when 255 is divided by 64?
63
Calculate the remainder when 244 is divided by 54.
28
Calculate the remainder when 112 is divided by 24.
16
What is the remainder when 